?
False
Suppose 4*s + 10722 = 6*s. Suppose 0 = -6*v - 1107 + s. Is v a composite number?
False
Suppose -5*d + d - 140737 = -3*j, 4*j + d = 187662. Is j/44 - (-3)/4 composite?
True
Suppose 0 = -5*w + 19 + 6. Let o be w/10 + 38/(-4). Let a = o - -60. Is a prime?
False
Is 13 + 61362 - (5 - 3) a prime number?
False
Suppose -8*m + 7070 = -7*m + j, 0 = -m + 4*j + 7065. Is m composite?
False
Suppose -7 = -u - 1. Let g be -65 - (u - (-15)/(-5)). Let b = g - -375. Is b a composite number?
False
Let f = 35 - 15. Let z = 157 + f. Is z a composite number?
True
Suppose -5*t + 25003 = 4*a, 3*a - t - 4*t = 18796. Is a a composite number?
False
Let h be (15 + -2)*12/3. Let u = h - -87. Is u composite?
False
Suppose 4*q + c = 3628, c - 3615 = -5*q + 920. Is q a composite number?
False
Suppose 6*c + 8 - 2 = 0. Let x be (1/3)/(c/(-48)). Is 6/4*2 + x prime?
True
Is (-362655)/(-315) + (-2)/7 a prime number?
True
Let r(d) = 639*d**3 - 4*d**2 + 3*d + 5. Is r(3) a prime number?
True
Let k(x) be the first derivative of -x**4 - x**2/2 - x + 5. Let a be k(-1). Suppose a*h + 13 = 57. Is h a composite number?
False
Suppose -3*t = 5*p - 16, -2*p - 3*t = -6*p + 29. Suppose 4*o - q = -4*q + 2576, -4*q + 3219 = p*o. Is o a composite number?
False
Suppose 0 = 2*w - 4*c + 62, 73 = 4*w - 7*w + 2*c. Let b = 76 + w. Is b composite?
True
Let f(g) = 0*g**2 + 2*g**2 - 128 - g - 4*g**2 + 2*g. Let q be f(0). Let y = 270 + q. Is y composite?
True
Suppose -3*q - 4 = k, -q - k - 4 = -2. Let d be (-3 - -136) + q + 1. Is d - ((-3 - 0) + 3) a prime number?
False
Let f = -914 - -1664. Let n = f + 157. Is n a prime number?
True
Let r(z) = 3*z**3 + 2*z**2 + 2*z + 1669. Is r(0) a prime number?
True
Suppose 3*o = -4*o + 20251. Is o prime?
False
Let f(r) = -8*r**3 - 5*r**2 + 9*r + 1. Suppose -s - 4 = -2*s, -2*w - 22 = -2*s. Is f(w) composite?
False
Suppose -779 = -4*n + 5*y, 3*n - 2*y = 7*n - 786. Let q = 423 + n. Is q composite?
False
Is (-154332)/(-15) + 2 - 4/(-20) composite?
True
Is 83182/18 + 4/(-18) composite?
False
Let v(k) be the first derivative of -30*k**2 + 11*k - 19. Is v(-9) prime?
False
Let g = -24 + 29. Suppose -5*c - 74 = 3*k - 449, -5*k = -g*c - 585. Suppose -x + k + 154 = 0. Is x a prime number?
False
Suppose 13*i + 8 = -174. Let o = i - -157. Is o a composite number?
True
Let y = -30 - -35. Suppose y*g = -g + 11406. Is g prime?
True
Suppose 4*m = 155681 - 19693. Is m a composite number?
False
Let q(k) = 51*k**3 - 5*k**2 + 10*k + 59. Is q(7) prime?
True
Let r(o) = 2*o**3 - 11*o**2 - 5*o + 1. Let s(f) = f**3 - 22*f**2 + 41*f - 9. Let a be s(20). Is r(a) prime?
True
Let p(i) be the second derivative of 13*i**4/12 + i**3/3 - 8*i**2 + 36*i. Is p(15) a prime number?
True
Suppose -5*p - 4 = 2*a, 3 = -5*p - 7. Is -4*(a - 340/8) prime?
False
Suppose 5*f + 4*a = 33681, -56179 = -5*f + 4*a - 22530. Is f a prime number?
True
Let s(w) = -w**3 + 14*w**2 + 11*w - 9. Suppose -39 = -3*u - 0. Is s(u) a prime number?
False
Is (-8397772)/376*(-1 + -1) composite?
True
Is (-4 + (-9)/6)/((-2)/2404) composite?
True
Let v = 19 + -16. Suppose 2*i - 8 = 0, 5*n + 2*i - 2970 = v*n. Is n prime?
True
Let l(i) = i + i**2 + 4*i - 4*i - 1. Let b be l(2). Let j(p) = 8*p**2 + 2*p + 3. Is j(b) composite?
True
Let l(m) = 431*m - 276. Is l(23) a composite number?
True
Is (-153083)/(-17) - 78/(-663) composite?
True
Suppose -5*s = 3*h - 20, 2*h + 0*s + 8 = 2*s. Let x be (6/(-15))/(3/(-4395)). Suppose 4*y + 62 - x = h. Is y a prime number?
True
Let p = 16176 - -19001. Is p composite?
True
Let c be 3/(-15) - 294/30. Let x = -6 - c. Suppose 1711 = h + 2*h + x*l, 4*h + l = 2303. Is h prime?
True
Let s(u) = 499*u**2 - 16*u - 8. Is s(7) composite?
True
Let w(y) = 596*y**2 - 4*y + 3. Let n be w(2). Suppose n = 2*z - 4973. Suppose b = 4*b - 3*m - 2757, 4*b - 3*m - z = 0. Is b prime?
True
Let b(u) = -3*u**3 + 2*u**2 + 12. Let y be b(-9). Is (y/(-12))/((-2)/8) prime?
True
Suppose 0*a + a + 3*a = 0. Let l(y) = -2*y**3 + y**2 + 3*y + 1469. Is l(a) a composite number?
True
Let l(f) = 10*f + 53723. Is l(0) a composite number?
True
Let o(b) = b**2 + 9*b + 2. Let a be o(-9). Suppose -5*l - 15 = 0, l + 41 = a*n - 300. Is n prime?
False
Let a(f) = -106*f**3 + 5*f - 59. Is a(-6) prime?
True
Is -3*(-65)/(-39)*-16127 a prime number?
False
Let r(g) = -10*g**2 + 1. Let v = 3 + -1. Let n be r(v). Is (-3)/2*5798/n composite?
False
Is 2/((-3614)/21732 + 55/330) composite?
True
Let z = 6187 + -3216. Is z a prime number?
True
Is (-18)/60 + (-41033)/(-10) a composite number?
True
Let l = 29 - 16. Suppose -6*t + l = -23. Is t/3 + 267 - -2 composite?
False
Suppose 2*n + 42 = 5*n. Suppose n*c - 19*c = -60. Suppose -9*f + c*f = 267. Is f composite?
False
Let s be ((-5)/(-4))/(2/(-48)). Is (-442)/(-6) + (-10)/s a prime number?
False
Let j(c) = 139*c**2 - 14*c - 1. Let k be j(6). Suppose -3*m + 2*h + 0*h + k = 0, -4*m + 6552 = -h. Is m a composite number?
False
Is (-2)/34 + 1260656/68 a composite number?
False
Suppose -5*q = -k + 113 + 58, -5*q - 332 = -2*k. Is k composite?
True
Let z be (2 + -24)*10*(-3)/(-12). Let a = z + 914. Is a composite?
False
Let t = -144 + 355. Is t a composite number?
False
Suppose 2 = 3*l - 2*l. Suppose -m + l*m = 3*x + 20, 5*x + 5 = -4*m. Suppose -a - p = -5*a + 564, m*p = 2*a - 264. Is a prime?
False
Suppose 0*y - 8304 = -4*w - y, 0 = 3*w + 3*y - 6219. Is w composite?
True
Suppose -s = -4*s + 9. Suppose -4*u = -5*g - 2759, s*u - g = -0*u + 2072. Is u a composite number?
False
Is ((-1)/(-5))/(16/449840) a composite number?
False
Suppose 7*h - 4*h - 483 = 0. Let m = h + -72. Is m composite?
False
Let f(j) = -4. Let h(r) = 3. Let w(n) = -5*f(n) - 7*h(n). Let o(u) = -30*u + 2. Let z(v) = o(v) - 5*w(v). Is z(-4) a composite number?
False
Suppose -187 = -3*f + 167. Suppose -o - f = -k - 4*o, -133 = -k + 2*o. Is k a prime number?
True
Let b(a) = a**3 - 9*a**2 + 8*a - 2. Let r be b(8). Let j be -2 + 186/(r - -4). Let o = j - 24. Is o a prime number?
True
Is -4 - (7 - 20131) - (-3 + 1) composite?
True
Let j(g) = -31*g**2 - 6*g + 5. Let q(k) = -62*k**2 - 11*k + 10. Let f(v) = 5*j(v) - 3*q(v). Is f(7) composite?
True
Let k = -16654 - -64815. Is k composite?
True
Is 5199/(-18)*2*(-52 + 1) prime?
False
Let f(g) = -14*g + 41. Let w(t) = 5*t - 14. Let y(v) = -6*f(v) - 17*w(v). Let b be y(-10). Suppose 4*x = 5*a + 307, -b*x = -x + a - 88. Is x composite?
False
Let s = -7 + 9. Suppose 0 = q + s*d - 41, 3*q - 79 - 41 = -3*d. Let v = q - -30. Is v a composite number?
True
Suppose x - 5*r = -x + 11, 2*x - 51 = -3*r. Suppose -2*p + x + 218 = 0. Let y = p + -44. Is y a composite number?
True
Let z be 502/1*8/16. Let g = z - 57. Is g prime?
False
Suppose -26*p = 45*p - 768646. Is p prime?
False
Suppose 4*t = m + 5, -3*t = -3*m + 5*m - 12. Is t*2/20 + 9846/45 composite?
True
Let b(k) = 1148*k**2 - 103*k + 6. Is b(-5) composite?
False
Suppose -5*u + 2*l = -0*u - 15, -4*u = -2*l - 10. Let o(w) = 11*w + 14. Let v be o(u). Suppose x = 418 + v. Is x prime?
True
Suppose -4*m + 23 = 3. Suppose -2*n - 6058 = -4*y, -n = -4*y - m*n + 6088. Is y composite?
True
Let x(f) be the first derivative of -f**4/4 - f**3/3 + f - 8. Let i(h) = 7*h**3 - 13*h + 7. Let o(p) = i(p) + 6*x(p). Is o(8) a composite number?
False
Let k(r) = -r**3 - 24*r**2 + 6*r + 3. Let w be k(-11). Let m = w + 2513. Is m a composite number?
False
Let y = 64056 - 37295. Is y prime?
False
Let y = 12747 - 8174. Is y prime?
False
Let a(v) = 2*v**3 - 3*v**2 - v + 4. Let c be a(2). Let n(q) = 14*q**2 + 9*q - 1. Is n(c) a prime number?
True
Is 164325/125 + (8/(-10))/(-2) a composite number?
True
Let s be 300/(-8)*(-8)/6. Suppose o - s = 125. Suppose u = -4*u + o. Is u prime?
False
Let z be 1*2*50/(-20). Let n(x) = -2*x**3 - 7*x**2 - 2*x - 5. Let w be n(z). Let i = w + -41. Is i a prime number?
False
Let u(l) = -6*l**3 + 11*l**2 - 5*l - 1. Is u(-5) composite?
False
Let d(p) = 134*p**3 - 4*p**2 + 22*p + 1. Is d(3) composite?
True
Suppose 8*k - 1265647 = -11*k. Is k a prime number?
False
Let n = 4669 - -15172. Is n a composite number?
False
Is -5762*((-90)/(-12))/(-15) a prime number?
False
Suppose 3*g - 3*c + 2*c = 89710, -5*c = 3*g - 89740. Is g composite?
True
Let w(t) = 69*t**2 - 18*t - 13. Is w(-6) prime?
True
Suppose 16 = -b + 1. Let d be b/5*(-140)/6. Suppose 0*g - 5*g = -d. Is g a prime nu